6). Suppose 15 = -i*l + 131*l. Suppose 9*a = l*a + 220. What are the prime factors of a?
5, 11
Let r(f) = -4*f - 69. Let i be r(-21). Suppose -i*d = -6*d - 4473. What are the prime factors of d?
7, 71
Let s(r) = 5248*r**2 - 833*r - 1664. What are the prime factors of s(-2)?
2, 3, 3499
List the prime factors of -48 + 6371 + 5 + 0.
2, 7, 113
Let c = -84 + 178. Let v = 0 + c. What are the prime factors of v?
2, 47
Let h(x) = -8*x**3 + 3*x**2 - 4*x + 2. Let p be h(2). Let w = 88 - p. Suppose w = 7*c - 5*c. What are the prime factors of c?
73
Let h = -1028 + 2408. Suppose -2*a + h = a. Suppose -35*c + 30*c = -a. List the prime factors of c.
2, 23
Suppose 281*u = 141*u + 119*u + 140952. List the prime factors of u.
2, 839
Let g be 11/(242/48) - 2/11. Suppose 3*c + 5*a = 97, 3*c = a + 53 + 32. Suppose -b + 2*b - g*q - c = 0, -q = 1. List the prime factors of b.
3
Let a = -63 - -244. Suppose -y + a = -23. List the prime factors of y.
2, 3, 17
Let l(t) be the first derivative of 26*t**3/3 - t**2/2 - 11*t + 90. What are the prime factors of l(-4)?
409
Suppose -4*d = 62*d - 481133 - 2605159. List the prime factors of d.
2, 103, 227
Suppose 4*y = -5*z + 1356, -2*z + 4*z + 5*y - 539 = 0. Let h = z + -98. What are the prime factors of h?
2, 3, 29
Let g = 627 + 268. Suppose 0 = -i + 4*n + 578, 3*i + 4*n - 871 = g. List the prime factors of i.
2, 293
Let y(k) = -71*k - 1598. What are the prime factors of y(-89)?
4721
Suppose -2*w + 41235 = 5*u - 31561, -5*w + u = -181909. What are the prime factors of w?
36383
Let n(m) = 3159*m**2 + 3*m + 12. List the prime factors of n(-4).
2, 3, 13
Let m = 30 - 22. Suppose -x - m*x + 234 = 0. Suppose -b = -4*a - x, 3*b - 209 = -b - 5*a. What are the prime factors of b?
2, 23
Suppose -23*r + 41*r - 58266 = 0. What are the prime factors of r?
3, 13, 83
Suppose -2*i - i = -12. Suppose 2*d - 3*d + 199 = -4*o, i*o + 4*d = -204. Let z = 164 - o. What are the prime factors of z?
2, 107
Suppose -4 = t - 2. List the prime factors of (1/2 + t)/(24/(-1088)).
2, 17
Let j(z) = 4*z**2 - 8*z + 43. Let q be j(-8). Let p = -136 + q. List the prime factors of p.
227
Let n = 35870 + -16464. What are the prime factors of n?
2, 31, 313
Let y be -168 - ((-18)/(-3))/6. Let h = 401 + y. Suppose -b = 4*o - h, -3*b + o = -0*o - 683. List the prime factors of b.
2, 3, 19
Let r(j) = 8*j**3 - 3*j**2 + 4. Let g(v) = v - 1. Let d be g(9). Let p = -6 + d. What are the prime factors of r(p)?
2, 7
Suppose d + 2 + 0 = 0, 0 = -3*a - 5*d - 10. Suppose -3*j + f + 1555 = a, -3*j + 4*f + 1551 = 7*f. What are the prime factors of j?
2, 7, 37
Suppose -1551 = -3*h + 4*a, 0 = -4*h - 0*h + 3*a + 2068. Let c = 997 - h. What are the prime factors of c?
2, 3, 5
Let s be 1/6 - (-40844)/24. Let z = 2397 - s. What are the prime factors of z?
5, 139
Let r = 158 + 74. Let c = 624 - r. What are the prime factors of c?
2, 7
What are the prime factors of (-1190)/(-102)*(-29619)/(-15)?
3, 7, 1097
Let q = -451 + 131. Let v = q + 713. List the prime factors of v.
3, 131
Let a(s) be the second derivative of 13*s**4/12 + s**3/6 + 39*s**2/2 - 174*s. What are the prime factors of a(10)?
19, 71
Let h = 2508 - 638. What are the prime factors of h?
2, 5, 11, 17
Suppose -15*n = -11*n - 20. Suppose n*j + 158 = 3*j. Let w = j + 255. What are the prime factors of w?
2, 11
Suppose -19*f - 175917 = -40*f. List the prime factors of f.
8377
Let a(c) = -412*c**2 - 5*c - 84 + 13*c + 413*c**2. What are the prime factors of a(12)?
2, 3, 13
Let r(h) = 5*h**2 - 5*h - 5. Let g = 138 - 133. List the prime factors of r(g).
5, 19
Let o(b) = 4*b**2 - 31*b + 9. Let c be o(9). Let k = c + 53. List the prime factors of k.
107
Let q be (-1 + 108)*(-6 - 1)/(-7). Let g = -7 + 12. Suppose 5*a - q = 3*u, -6*a + 105 = -a - g*u. List the prime factors of a.
2, 11
Suppose 0*v - 5*u + 5092 = 3*v, 2 = u. Suppose 17*c = 24*c - v. What are the prime factors of c?
2, 11
Let m be 57 + (3 - 2) + 0. Let c = m + -45. Let q = 78 + c. List the prime factors of q.
7, 13
Let v(p) = p**3 + 2*p**2 - 3*p - 8. Let g be v(-3). List the prime factors of (1124/7)/(g/(-28)).
2, 281
Suppose -11 = -4*z - 31. Let o be z/(-1) + (-1 - -4 - 0). List the prime factors of (11 - o)/((-9)/(-2))*24.
2
Let t be 1 + (2 + -5 - -85) + -1. Let c be t*18/8*(-24)/(-36). Suppose -2*q - q + c = 5*r, -2*r + q + 47 = 0. List the prime factors of r.
2, 3
Let k(y) be the first derivative of 13*y**2 - 43*y - 1. Suppose -15*i = -13 - 49 - 43. What are the prime factors of k(i)?
139
Let o = 91 - 86. Suppose o*q = j - 6, -6*q + 10*q + 2*j + 16 = 0. List the prime factors of 2117/13 + q/(-13).
163
Suppose -s = -4*p - 0*s - 6220, -6*p = -s + 9330. Let y = p - -2690. What are the prime factors of y?
5, 227
Suppose 0 = 4*f - 16, 23*f - 43362 = -w + 20*f. What are the prime factors of w?
2, 3, 5, 17
Let c = -474 - -84. Let a = 730 + c. List the prime factors of a.
2, 5, 17
Suppose -d + h = -0*d - 98, d - 4*h = 113. Suppose -9*u - d = -10*u. Let y = 66 + u. What are the prime factors of y?
3, 53
Suppose -2536 = -5*j - 3*w, 2*j + 0*j - 2*w - 1008 = 0. List the prime factors of (j/4 + -11)*4/3.
2, 7, 11
Let d(x) = 3*x + 20. Suppose -4*q + 20 = q. Let m be d(q). Suppose -m = v - 86. List the prime factors of v.
2, 3
Suppose -1515035 - 298871 = -129*k + 1601498. What are the prime factors of k?
2, 6619
Let n be -4*1/8 - (-362)/(-4). Let i = n + 97. What are the prime factors of (-2 - -1) + 71 + -5 + i?
71
Let h(c) = -179*c + 2185. What are the prime factors of h(-18)?
5407
Let b = 37 - 1. Let l = -7 - b. Let a = l - -123. What are the prime factors of a?
2, 5
Let i = 1041 + -1745. List the prime factors of (i/12 + -2)/(5/(-45)).
2, 3, 7, 13
Suppose -82 = 8*d + 14. Let o = 2 + d. What are the prime factors of -6*(5/o + (-362)/12)?
2, 23
Let h = -236 - -236. Suppose 0*v + 2*v + 278 = 2*i, 4*i - v - 541 = h. List the prime factors of i.
2, 67
Let y be 6/((-1)/(-15)*(-20)/6928). What are the prime factors of (y/120)/((6/(-15))/2)?
3, 433
Let r = 109 + -129. List the prime factors of ((-20)/r)/((-1)/(1 - 301)).
2, 3, 5
Let t be ((-1893)/(-12))/((-21)/(-4) - 5). Suppose -17*d = t - 6394. List the prime factors of d.
3, 113
Let w = 41789 - -37372. What are the prime factors of w?
3, 26387
Suppose 0 = 14*z - 92635 - 55891. Suppose -z + 2709 = -10*v. List the prime factors of v.
2, 5, 79
List the prime factors of (0 + 1932/(-49))/(64/(-53984)).
2, 3, 23, 241
Let v be (0 + 9)/(-3) - -3. Let h = 2822 + -2047. Suppose h = 5*m + 5*c, -m + v*m + 4*c = -165. List the prime factors of m.
157
Suppose 4*s - 345 = 9*s. Let a = s - -77. Suppose -a*k + 9*k = 72. List the prime factors of k.
2, 3
Let w(n) = 2*n + 2. Let b be w(1). Let z(q) = -q**3 + 7*q**2 - 11*q + 12. List the prime factors of z(b).
2
Let o(g) = 175*g**3 - g**2 - 10*g + 5. Let r(s) = 174*s**3 - 9*s + 5. Let v(z) = -2*o(z) + 3*r(z). List the prime factors of v(2).
5, 11
Suppose -3*c - 4*z = -162741 + 39517, -123218 = -3*c - z. List the prime factors of c.
2, 17, 151
Let t(l) = -4*l**2 - 9 - 748*l + l**3 + 23 + 807*l - 8*l**2. List the prime factors of t(14).
2, 7, 11
List the prime factors of -3367*(-133)/77 - (-6)/22.
2, 727
Suppose 6*p - 62310 = 4*p - b, -4*p + 124632 = 4*b. What are the prime factors of p?
2, 3, 11, 59
Suppose -p + 6 - 2 = 0. Suppose 0 = 4*x + 8, 3*s - 7*x = -p*x. List the prime factors of 447/6 - 1/s.
3, 5
Let o = 4399 - 3406. List the prime factors of o.
3, 331
Suppose -2*n + 12 = 2. Suppose -t + 9 = 3*g - n, 4*t - 26 = -2*g. Suppose 2*q = -4*i + 134, 0 = -0*q + t*q - 2*i - 299. What are the prime factors of q?
61
Let v be (1/2)/(3*2/(-108)). Let a(k) = -k**2 + 12*k + 1. Let d(x) = x**2 - 11*x - 1. Let y(p) = 5*a(p) + 6*d(p). What are the prime factors of y(v)?
2, 67
List the prime factors of 14/(-2)*3 + 51077.
2, 3191
Suppose 42966 = 4*p - 2*g, -42971 = 37*p - 41*p + g. What are the prime factors of p?
2, 17, 79
Suppose -18*o + 15*o + 9 = 0. Suppose -o*y = -196 - 158. Suppose 0 = 3*c - 511 + y. What are the prime factors of c?
131
Suppose 0 = 40*b - 121397 - 75766 - 60477. List the prime factors of b.
3, 19, 113
Suppose 0 = -2*s - 3*s - 60. Let d = 18 + s. Suppose 5*n - 5 = 0, p - 3*n = d + 56. List the prime factors of p.
5, 13
Suppose -51 = 13*c + 27. Let x be 195/10*68/c. List the prime factors of (-